{"id":3,"date":"2019-09-10T13:03:21","date_gmt":"2019-09-10T13:03:21","guid":{"rendered":"https:\/\/polevibes.com\/?page_id=3"},"modified":"2026-05-03T14:51:18","modified_gmt":"2026-05-03T14:51:18","slug":"contact","status":"publish","type":"page","link":"https:\/\/polevibes.com\/?page_id=3","title":{"rendered":"Contact"},"content":{"rendered":"<p><img decoding=\"async\" src=\"\/wp-content\/uploads\/2026\/02\/cropped-LogoPV2-removebg-preview.png\" alt=\"\"><\/p>\n<ul>\n<li>\n<h2>Adresse<\/h2>\n<div>\n<p>4 Rue des Champs<br \/>67520 Nordheim<\/p>\n<\/div>\n<\/li>\n<li>\n<h2>Contact<\/h2>\n<div>\n<p><a class=\"uk-link-toggle\" href=\"mailto:polevibes.strasbourg@gmail.com\">polevibes.strasbourg@gmail.com<\/a><br \/><a class=\"uk-link-toggle\" href=\"tel:+33782027391\">07 82 02 73 91<\/a><\/p>\n<\/div>\n<\/li>\n<\/ul>\n<p><p>\n        <a href=\"https:\/\/www.eversports.fr\/s\/pole-vibes\">Je reserve<\/a>\n    <\/p>\n<\/p>\n<p><a href=\"https:\/\/www.google.com\/search?sca_esv=994c67758b62ae08&#038;hl=fr&#038;authuser=0&#038;sxsrf=ANbL-n7UqyQbBsyYb0z52DdPUoGJdbEHpQ:1772210180065&#038;kgmid=\/g\/11y_jzbnw8&#038;q=Pole+Vibes&#038;shem=dlvsc,shrtsdl&#038;shndl=30&#038;source=sh\/x\/loc\/uni\/m1\/1&#038;kgs=b1ab9bf6318c6575&#038;utm_source=dlvsc,shrtsdl,sh\/x\/loc\/uni\/m1\/1\"><img decoding=\"async\" src=\"\/wp-content\/uploads\/2026\/03\/maps-pv3.png\" alt=\"\"><\/a><\/p>\n<div>Accessibilit\u00e9<\/div>\n<ul>\n<li>\n<h2>Stationnement<\/h2>\n<div>\n<p>Des places de stationnement gratuit se situent au complexe sportif \u00e0 5 minutes \u00e0 pied du studio de danse<\/p>\n<\/div>\n<\/li>\n<li>\n<h2>Transport<\/h2>\n<div>\n<p>Un arr\u00eat de bus (Ligne <strong>233<\/strong>) se situe \u00e0 3 minutes \u00e0 pied du studio de danse<\/p>\n<\/div>\n<\/li>\n<li>\n<h2>Accueil<\/h2>\n<div>\n<p>Le studio ouvre ses portes 10 minutes avant chaque s\u00e9ance pour te laisser le temps de te changer<\/p>\n<\/div>\n<\/li>\n<\/ul>\n<h2>F.A.Q<\/h2>\n<div>\n<p data-start=\"98\" data-end=\"238\">Tu te demandes si la pole dance est faite pour toi, comment se d\u00e9roule un cours, quel niveau est n\u00e9cessaire ou encore comment t\u2019inscrire ?<\/p>\n<p data-start=\"240\" data-end=\"393\">Pour t\u2019accompagner au mieux et r\u00e9pondre \u00e0 toutes tes interrogations, j\u2019ai rassembl\u00e9e les questions les plus fr\u00e9quentes dans une FAQ claire et d\u00e9taill\u00e9e.<\/p>\n<p data-start=\"395\" data-end=\"544\">Parce qu\u2019il est important de se sentir en confiance avant de se lancer, tu trouveras ici toutes les informations utiles pour commencer sereinement.<\/p>\n<\/div>\n<ul>\n<li>\n<h3>Quels sont les pr\u00e9requis pour participer \u00e0 un cours de pole dance ?<\/h3>\n<div>\n<p style=\"text-align: center;\"><span style=\"font-weight: 400;\">Tu n\u2019as pas besoin d\u2019avoir de la force, de la souplesse ou une exp\u00e9rience sportive pr\u00e9alable pour d\u00e9buter. Les cours sont structur\u00e9s en niveaux permettant une \u00e9volution progressive.\u00a0<\/span><\/p>\n<p style=\"text-align: center;\"><span style=\"font-weight: 400;\">Comme pour toute activit\u00e9 sportive, consulte ton m\u00e9decin pour confirmer que ton \u00e9tat de sant\u00e9 est compatible \u00e0 la pratique de la pole dance.\u00a0<\/span><\/p>\n<p style=\"text-align: center;\"><span style=\"font-weight: 400;\">Avant chaque s\u00e9ance, nous te poserons quelques questions sur\u00a0 ta condition physique : n\u2019h\u00e9site pas \u00e0 nous signaler toute particularit\u00e9.<\/span><\/p>\n<\/div>\n<\/li>\n<li>\n<h3>Quels sont les bienfaits de la pole dance ?<\/h3>\n<div>\n<p style=\"text-align: center;\"><span style=\"font-weight: 400;\">Physiquement, la pratique de la pole dance\u00a0 implique un renforcement musculaire g\u00e9n\u00e9ral ainsi qu\u2019un travail progressif sur la souplesse et la mobilit\u00e9.<\/span><\/p>\n<p style=\"text-align: center;\"><span style=\"font-weight: 400;\">Elle permet de d\u00e9velopper sa coordination, sa proprioception ou encore son agilit\u00e9 ce qui participe \u00e0 une meilleure libert\u00e9 de mouvement dans sa pratique.\u00a0<\/span><\/p>\n<p style=\"text-align: center;\"><span style=\"font-weight: 400;\">Le plan cognitif est \u00e9galement stimul\u00e9 de fa\u00e7on ludique par l\u2019apprentissage de nouvelles figures, chor\u00e9graphies ou encore le travail du corps du c\u00f4t\u00e9 oppos\u00e9.\u00a0\u00a0<\/span><\/p>\n<p style=\"text-align: center;\"><span style=\"font-weight: 400;\">La pratique de la pole dance favorise progressivement une meilleure image corporelle et une \u00e9coute attentive de son corps, dans un esprit de bienveillance.<\/span><\/p>\n<\/div>\n<\/li>\n<li>\n<h3>Quels sont les \u00e9quipements n\u00e9cessaires pour suivre un cours de pole dance ?<\/h3>\n<div>\n<p style=\"text-align: center;\">Pour ton premier entra\u00eenement, tu peux prendre un short, une brassi\u00e8re, la peau doit pouvoir entrer en contact avec la pole, car elle aide \u00e0 maintenir l\u2019adh\u00e9rence.<br \/>Prends une serviette et une bouteille d\u2019eau pour rester hydrat\u00e9 et absorber la transpiration.<br \/>Un tapis de sol te sera fourni pour les entra\u00eenements et devra \u00eatre d\u00e9sinfect\u00e9 apr\u00e8s chaque utilisation pour des raisons d\u2019hygi\u00e8ne.<br \/>\u00c9vite de t\u2019appliquer de la cr\u00e8me avant ta s\u00e9ance et pense \u00e0 retirer les bijoux.<\/p>\n<\/div>\n<\/li>\n<li>\n<h3>Comment se d\u00e9roule un cours de Pole dance ?<\/h3>\n<div>\n<p style=\"text-align: center;\"><span style=\"font-weight: 400;\">La s\u00e9ance commence par un <\/span><b>\u00e9chauffement<\/b><span style=\"font-weight: 400;\">, suivi de <\/span><b>renforcement musculaire <\/b><span style=\"font-weight: 400;\">adapt\u00e9 \u00e0 la pole, puis de l\u2019<\/span><b>apprentissage de figures<\/b><span style=\"font-weight: 400;\">, et se termine par des <\/span><b>\u00e9tirements en fin de s\u00e9ance.\u00a0<\/b><\/p>\n<p style=\"text-align: center;\"><span style=\"font-weight: 400;\">Les s\u00e9ances d\u2019initiations \u00e0 la pole dance durent 1 heure, tandis que les cours \u00e0 partir du niveau d\u00e9butant passent \u00e0 1h30, cela permet de pr\u00e9parer le corps dans les meilleures conditions.\u00a0<\/span><\/p>\n<p style=\"text-align: center;\"><span style=\"font-weight: 400;\">La <\/span><b>r\u00e9servation de ton cours de pole dance<\/b><span style=\"font-weight: 400;\"> se fait facilement via notre logiciel de r\u00e9servation, jusqu\u2019\u00e0 <\/span><b>une heure avant le d\u00e9but de la s\u00e9ance<\/b><span style=\"font-weight: 400;\">. Tu disposes de <\/span><b>24 heures pour annuler<\/b><span style=\"font-weight: 400;\"> ta r\u00e9servation en cas d\u2019emp\u00eachement ; pass\u00e9 ce d\u00e9lai, la s\u00e9ance te sera cr\u00e9dit\u00e9e.<\/span><\/p>\n<\/div>\n<\/li>\n<\/ul>\n<p><!--more--><br \/>\n<!-- {\"type\":\"layout\",\"children\":[{\"type\":\"section\",\"props\":{\"header_transparent\":true,\"header_transparent_noplaceholder\":false,\"header_transparent_text_color\":\"light\",\"height\":\"viewport\",\"height_viewport_offset\":true,\"image\":\"wp-content\/uploads\/2026\/04\/1776703857947-222.jpg\",\"image_effect\":\"parallax\",\"image_loading\":true,\"image_parallax_bgy\":\"5vh,-5vh\",\"image_parallax_breakpoint\":\"s\",\"image_parallax_easing\":\"1\",\"image_position\":\"center-center\",\"image_size\":\"cover\",\"image_width\":\"2560\",\"style\":\"default\",\"title_breakpoint\":\"xl\",\"title_position\":\"top-left\",\"title_rotation\":\"left\",\"vertical_align\":\"middle\",\"width\":\"xlarge\"},\"children\":[{\"type\":\"row\",\"props\":{\"column_gap\":\"collapse\",\"layout\":\"1-2,1-2\",\"row_gap\":\"collapse\"},\"children\":[{\"type\":\"column\",\"props\":{\"image_position\":\"center-center\",\"position_sticky_breakpoint\":\"m\",\"style\":\"tile-default\",\"vertical_align\":\"middle\",\"width_medium\":\"1-2\"},\"children\":[{\"type\":\"image\",\"props\":{\"image\":\"wp-content\/uploads\/2026\/02\/cropped-LogoPV2-removebg-preview.png\",\"image_height\":150,\"image_loading\":true,\"image_svg_color\":\"emphasis\",\"image_svg_inline\":true,\"image_width\":220,\"margin_bottom\":\"default\",\"margin_top\":\"default\",\"text_align\":\"center\"}},{\"type\":\"grid\",\"props\":{\"block_align\":\"center\",\"block_align_fallback\":\"center\",\"content_column_breakpoint\":\"m\",\"content_margin\":\"small\",\"filter_align\":\"left\",\"filter_all\":true,\"filter_grid_breakpoint\":\"m\",\"filter_grid_width\":\"auto\",\"filter_position\":\"top\",\"filter_style\":\"tab\",\"grid_column_gap\":\"large\",\"grid_default\":\"1\",\"grid_medium\":\"\",\"grid_row_gap\":\"large\",\"grid_small\":\"2\",\"image_align\":\"top\",\"image_grid_breakpoint\":\"m\",\"image_grid_width\":\"1-2\",\"image_svg_color\":\"emphasis\",\"item_animation\":true,\"lightbox_bg_close\":true,\"link_style\":\"default\",\"link_text\":\"\",\"margin_bottom\":\"xlarge\",\"margin_top\":\"xlarge\",\"maxwidth\":\"large\",\"meta_align\":\"below-title\",\"meta_element\":\"div\",\"meta_style\":\"text-meta\",\"panel_link\":true,\"parallax_easing\":\"1\",\"show_content\":true,\"show_hover_image\":true,\"show_hover_video\":true,\"show_image\":true,\"show_link\":true,\"show_meta\":true,\"show_title\":true,\"show_video\":true,\"text_align\":\"left\",\"text_align_breakpoint\":\"s\",\"text_align_fallback\":\"center\",\"title_align\":\"top\",\"title_element\":\"h2\",\"title_grid_breakpoint\":\"m\",\"title_grid_width\":\"1-2\",\"title_hover_style\":\"reset\",\"title_style\":\"h5\"},\"children\":[{\"type\":\"grid_item\",\"props\":{\"content\":\"\n\n<p>4 Rue des Champs<br \/>67520 Nordheim<\/p>\n\n\",\"title\":\"Adresse\"}},{\"type\":\"grid_item\",\"props\":{\"content\":\"\n\n<p><a class=\\\"uk-link-toggle\\\" href=\\\"mailto:polevibes.strasbourg@gmail.com\\\">polevibes.strasbourg@gmail.com<\/a><br \/><a class=\\\"uk-link-toggle\\\" href=\\\"tel:+33782027391\\\">07 82 02 73 91<\/a><\/p>\n\n\",\"title\":\"Contact\"}}]},{\"type\":\"button\",\"props\":{\"block_align\":\"center\",\"grid_column_gap\":\"small\",\"grid_row_gap\":\"small\",\"margin_bottom\":\"default\",\"margin_top\":\"default\",\"maxwidth\":\"large\",\"maxwidth_breakpoint\":\"s\",\"text_align\":\"left\",\"text_align_breakpoint\":\"s\",\"text_align_fallback\":\"center\"},\"children\":[{\"type\":\"button_item\",\"props\":{\"button_style\":\"default\",\"content\":\"Je reserve\",\"dialog_layout\":\"modal\",\"dialog_offcanvas_flip\":true,\"icon_align\":\"left\",\"link\":\"https:\/\/www.eversports.fr\/s\/pole-vibes\"}}],\"name\":\"bouton reservation\"}]},{\"type\":\"column\",\"props\":{\"image_position\":\"center-center\",\"order_first\":\"m\",\"padding\":\"none\",\"position_sticky_breakpoint\":\"m\",\"style\":\"tile-default\",\"width_medium\":\"1-2\"},\"children\":[{\"type\":\"image\",\"props\":{\"image\":\"wp-content\/uploads\/2026\/03\/maps-pv3.png\",\"image_svg_color\":\"emphasis\",\"link\":\"https:\/\/www.google.com\/search?sca_esv=994c67758b62ae08&hl=fr&authuser=0&sxsrf=ANbL-n7UqyQbBsyYb0z52DdPUoGJdbEHpQ:1772210180065&kgmid=\/g\/11y_jzbnw8&q=Pole+Vibes&shem=dlvsc,shrtsdl&shndl=30&source=sh\/x\/loc\/uni\/m1\/1&kgs=b1ab9bf6318c6575&utm_source=dlvsc,shrtsdl,sh\/x\/loc\/uni\/m1\/1\",\"margin_bottom\":\"default\",\"margin_top\":\"default\"}}]}]}],\"name\":\"Banner contact\"},{\"type\":\"section\",\"props\":{\"image_position\":\"center-center\",\"padding_bottom\":\"none\",\"padding_top\":\"large\",\"style\":\"default\",\"title_breakpoint\":\"xl\",\"title_position\":\"top-left\",\"title_rotation\":\"left\",\"vertical_align\":\"\",\"width\":\"large\"},\"children\":[{\"type\":\"row\",\"children\":[{\"type\":\"column\",\"props\":{\"image_position\":\"center-center\",\"position_sticky_breakpoint\":\"m\",\"width_medium\":\"1-1\"},\"children\":[{\"type\":\"headline\",\"props\":{\"content\":\"Accessibilit\u00e9\",\"image_align\":\"left\",\"image_margin\":\"xsmall\",\"margin_bottom\":\"small\",\"margin_top\":\"small\",\"text_align\":\"center\",\"title_element\":\"div\",\"title_font_family\":\"tertiary\",\"title_style\":\"h3\"}},{\"type\":\"grid\",\"props\":{\"content_column_breakpoint\":\"m\",\"filter_align\":\"left\",\"filter_all\":true,\"filter_grid_breakpoint\":\"m\",\"filter_grid_width\":\"auto\",\"filter_position\":\"top\",\"filter_style\":\"tab\",\"grid_default\":\"1\",\"grid_medium\":\"\",\"grid_small\":\"3\",\"image_align\":\"top\",\"image_grid_breakpoint\":\"m\",\"image_grid_width\":\"1-2\",\"image_svg_color\":\"primary\",\"image_svg_inline\":true,\"item_animation\":true,\"lightbox_bg_close\":true,\"link_style\":\"default\",\"link_text\":\"Read more\",\"margin_bottom\":\"large\",\"margin_top\":\"large\",\"meta_align\":\"below-title\",\"meta_element\":\"div\",\"meta_style\":\"text-meta\",\"panel_padding\":\"default\",\"panel_style\":\"card-default\",\"parallax_easing\":\"1\",\"show_content\":true,\"show_hover_image\":true,\"show_hover_video\":true,\"show_image\":true,\"show_link\":true,\"show_meta\":true,\"show_title\":true,\"show_video\":true,\"text_align\":\"center\",\"title_align\":\"top\",\"title_element\":\"h2\",\"title_grid_breakpoint\":\"m\",\"title_grid_width\":\"1-2\",\"title_hover_style\":\"reset\",\"title_style\":\"h5\"},\"children\":[{\"type\":\"grid_item\",\"props\":{\"content\":\"\n\n<p>Des places de stationnement gratuit se situent au complexe sportif \u00e0 5 minutes \u00e0 pied du studio de danse<\/p>\n\n\",\"icon\":\"info\",\"image\":\"\",\"title\":\"Stationnement\"}},{\"type\":\"grid_item\",\"props\":{\"content\":\"\n\n<p>Un arr\u00eat de bus (Ligne <strong>233<\/strong>) se situe \u00e0 3 minutes \u00e0 pied du studio de danse<\/p>\n\n\",\"icon\":\"question\",\"image\":\"\",\"title\":\"Transport\"}},{\"type\":\"grid_item\",\"props\":{\"content\":\"\n\n<p>Le studio ouvre ses portes 10 minutes avant chaque s\u00e9ance pour te laisser le temps de te changer<\/p>\n\n\",\"icon\":\"clock\",\"image\":\"\",\"title\":\"Accueil\"}}]}]}]}],\"name\":\"Accessibilite\"},{\"type\":\"section\",\"props\":{\"id\":\"faq\",\"image_position\":\"center-center\",\"style\":\"default\",\"title_breakpoint\":\"xl\",\"title_position\":\"top-left\",\"title_rotation\":\"left\",\"vertical_align\":\"\",\"width\":\"small\"},\"children\":[{\"type\":\"row\",\"children\":[{\"type\":\"column\",\"props\":{\"image_position\":\"center-center\",\"position_sticky_breakpoint\":\"m\",\"width_medium\":\"1-1\"},\"children\":[{\"type\":\"headline\",\"props\":{\"block_align\":\"center\",\"content\":\"F.A.Q\",\"image_align\":\"left\",\"image_margin\":\"xsmall\",\"margin_top\":\"remove\",\"maxwidth\":\"2xlarge\",\"text_align\":\"center\",\"title_element\":\"h2\",\"title_style\":\"h3\"}},{\"type\":\"text\",\"props\":{\"block_align\":\"center\",\"column_breakpoint\":\"m\",\"content\":\"\n\n<p data-start=\\\"98\\\" data-end=\\\"238\\\">Tu te demandes si la pole dance est faite pour toi, comment se d\u00e9roule un cours, quel niveau est n\u00e9cessaire ou encore comment t\u2019inscrire ?<\/p>\n\n\\n\n\n<p data-start=\\\"240\\\" data-end=\\\"393\\\">Pour t\u2019accompagner au mieux et r\u00e9pondre \u00e0 toutes tes interrogations, j\u2019ai rassembl\u00e9e les questions les plus fr\u00e9quentes dans une FAQ claire et d\u00e9taill\u00e9e.<\/p>\n\n\\n\n\n<p data-start=\\\"395\\\" data-end=\\\"544\\\">Parce qu\u2019il est important de se sentir en confiance avant de se lancer, tu trouveras ici toutes les informations utiles pour commencer sereinement.<\/p>\n\n\",\"margin_bottom\":\"large\",\"margin_top\":\"remove\",\"maxwidth\":\"xlarge\",\"text_align\":\"center\"}},{\"type\":\"accordion\",\"props\":{\"collapsible\":true,\"content_column_breakpoint\":\"m\",\"image_align\":\"top\",\"image_grid_breakpoint\":\"m\",\"image_grid_width\":\"1-2\",\"image_svg_color\":\"emphasis\",\"link_style\":\"default\",\"link_text\":\"Read more\",\"show_image\":true,\"show_link\":true,\"text_align\":\"left\",\"text_align_breakpoint\":\"m\",\"text_align_fallback\":\"center\"},\"children\":[{\"type\":\"accordion_item\",\"props\":{\"content\":\"\n\n<p style=\\\"text-align: center;\\\"><span style=\\\"font-weight: 400;\\\">Tu n\u2019as pas besoin d\u2019avoir de la force, de la souplesse ou une exp\u00e9rience sportive pr\u00e9alable pour d\u00e9buter. Les cours sont structur\u00e9s en niveaux permettant une \u00e9volution progressive.\u00a0<\/span><\/p>\n\n\\n\n\n<p style=\\\"text-align: center;\\\"><span style=\\\"font-weight: 400;\\\">Comme pour toute activit\u00e9 sportive, consulte ton m\u00e9decin pour confirmer que ton \u00e9tat de sant\u00e9 est compatible \u00e0 la pratique de la pole dance.\u00a0<\/span><\/p>\n\n\\n\n\n<p style=\\\"text-align: center;\\\"><span style=\\\"font-weight: 400;\\\">Avant chaque s\u00e9ance, nous te poserons quelques questions sur\u00a0 ta condition physique : n\u2019h\u00e9site pas \u00e0 nous signaler toute particularit\u00e9.<\/span><\/p>\n\n\",\"title\":\"Quels sont les pr\u00e9requis pour participer \u00e0 un cours de pole dance ?\"}},{\"type\":\"accordion_item\",\"props\":{\"content\":\"\n\n<p style=\\\"text-align: center;\\\"><span style=\\\"font-weight: 400;\\\">Physiquement, la pratique de la pole dance\u00a0 implique un renforcement musculaire g\u00e9n\u00e9ral ainsi qu\u2019un travail progressif sur la souplesse et la mobilit\u00e9.<\/span><\/p>\n\n\\n\n\n<p style=\\\"text-align: center;\\\"><span style=\\\"font-weight: 400;\\\">Elle permet de d\u00e9velopper sa coordination, sa proprioception ou encore son agilit\u00e9 ce qui participe \u00e0 une meilleure libert\u00e9 de mouvement dans sa pratique.\u00a0<\/span><\/p>\n\n\\n\n\n<p style=\\\"text-align: center;\\\"><span style=\\\"font-weight: 400;\\\">Le plan cognitif est \u00e9galement stimul\u00e9 de fa\u00e7on ludique par l\u2019apprentissage de nouvelles figures, chor\u00e9graphies ou encore le travail du corps du c\u00f4t\u00e9 oppos\u00e9.\u00a0\u00a0<\/span><\/p>\n\n\\n\n\n<p style=\\\"text-align: center;\\\"><span style=\\\"font-weight: 400;\\\">La pratique de la pole dance favorise progressivement une meilleure image corporelle et une \u00e9coute attentive de son corps, dans un esprit de bienveillance.<\/span><\/p>\n\n\",\"title\":\"Quels sont les bienfaits de la pole dance ?\"}},{\"type\":\"accordion_item\",\"props\":{\"content\":\"\n\n<p style=\\\"text-align: center;\\\">Pour ton premier entra\u00eenement, tu peux prendre un short, une brassi\u00e8re, la peau doit pouvoir entrer en contact avec la pole, car elle aide \u00e0 maintenir l\u2019adh\u00e9rence.<br \/>Prends une serviette et une bouteille d\u2019eau pour rester hydrat\u00e9 et absorber la transpiration.<br \/>Un tapis de sol te sera fourni pour les entra\u00eenements et devra \u00eatre d\u00e9sinfect\u00e9 apr\u00e8s chaque utilisation pour des raisons d\u2019hygi\u00e8ne.<br \/>\u00c9vite de t\u2019appliquer de la cr\u00e8me avant ta s\u00e9ance et pense \u00e0 retirer les bijoux.<\/p>\n\n\",\"title\":\"Quels sont les \u00e9quipements n\u00e9cessaires pour suivre un cours de pole dance ?\"}},{\"type\":\"accordion_item\",\"props\":{\"content\":\"\n\n<p style=\\\"text-align: center;\\\"><span style=\\\"font-weight: 400;\\\">La s\u00e9ance commence par un <\/span><b>\u00e9chauffement<\/b><span style=\\\"font-weight: 400;\\\">, suivi de <\/span><b>renforcement musculaire <\/b><span style=\\\"font-weight: 400;\\\">adapt\u00e9 \u00e0 la pole, puis de l\u2019<\/span><b>apprentissage de figures<\/b><span style=\\\"font-weight: 400;\\\">, et se termine par des <\/span><b>\u00e9tirements en fin de s\u00e9ance.\u00a0<\/b><\/p>\n\n\\n\n\n<p style=\\\"text-align: center;\\\"><span style=\\\"font-weight: 400;\\\">Les s\u00e9ances d\u2019initiations \u00e0 la pole dance durent 1 heure, tandis que les cours \u00e0 partir du niveau d\u00e9butant passent \u00e0 1h30, cela permet de pr\u00e9parer le corps dans les meilleures conditions.\u00a0<\/span><\/p>\n\n\\n\n\n<p style=\\\"text-align: center;\\\"><span style=\\\"font-weight: 400;\\\">La <\/span><b>r\u00e9servation de ton cours de pole dance<\/b><span style=\\\"font-weight: 400;\\\"> se fait facilement via notre logiciel de r\u00e9servation, jusqu\u2019\u00e0 <\/span><b>une heure avant le d\u00e9but de la s\u00e9ance<\/b><span style=\\\"font-weight: 400;\\\">. Tu disposes de <\/span><b>24 heures pour annuler<\/b><span style=\\\"font-weight: 400;\\\"> ta r\u00e9servation en cas d\u2019emp\u00eachement ; pass\u00e9 ce d\u00e9lai, la s\u00e9ance te sera cr\u00e9dit\u00e9e.<\/span><\/p>\n\n\",\"title\":\"Comment se d\u00e9roule un cours de Pole dance ?\"}}]}]}]}],\"name\":\"FAQ\"}],\"version\":\"5.0.22\"} --><\/p>\n","protected":false},"excerpt":{"rendered":"<p>Adresse 4 Rue des Champs67520 Nordheim Contact polevibes.strasbourg@gmail.com07 82 02 73 91 Je reserve Accessibilit\u00e9 Stationnement Des places de stationnement gratuit se situent au complexe sportif \u00e0 5 minutes \u00e0 pied du studio de danse Transport Un arr\u00eat de bus (Ligne 233) se situe \u00e0 3 minutes \u00e0 pied du studio de danse Accueil Le [&hellip;]<\/p>\n","protected":false},"author":1,"featured_media":0,"parent":0,"menu_order":3,"comment_status":"closed","ping_status":"closed","template":"","meta":{"footnotes":""},"class_list":["post-3","page","type-page","status-publish","hentry"],"aioseo_notices":[],"_links":{"self":[{"href":"https:\/\/polevibes.com\/index.php?rest_route=\/wp\/v2\/pages\/3","targetHints":{"allow":["GET"]}}],"collection":[{"href":"https:\/\/polevibes.com\/index.php?rest_route=\/wp\/v2\/pages"}],"about":[{"href":"https:\/\/polevibes.com\/index.php?rest_route=\/wp\/v2\/types\/page"}],"author":[{"embeddable":true,"href":"https:\/\/polevibes.com\/index.php?rest_route=\/wp\/v2\/users\/1"}],"replies":[{"embeddable":true,"href":"https:\/\/polevibes.com\/index.php?rest_route=%2Fwp%2Fv2%2Fcomments&post=3"}],"version-history":[{"count":105,"href":"https:\/\/polevibes.com\/index.php?rest_route=\/wp\/v2\/pages\/3\/revisions"}],"predecessor-version":[{"id":2984,"href":"https:\/\/polevibes.com\/index.php?rest_route=\/wp\/v2\/pages\/3\/revisions\/2984"}],"wp:attachment":[{"href":"https:\/\/polevibes.com\/index.php?rest_route=%2Fwp%2Fv2%2Fmedia&parent=3"}],"curies":[{"name":"wp","href":"https:\/\/api.w.org\/{rel}","templated":true}]}}