{"id":4,"date":"2019-09-10T13:03:20","date_gmt":"2019-09-10T13:03:20","guid":{"rendered":"https:\/\/polevibes.com\/?page_id=4"},"modified":"2026-04-20T17:16:34","modified_gmt":"2026-04-20T17:16:34","slug":"about-us","status":"publish","type":"page","link":"https:\/\/polevibes.com\/?page_id=4","title":{"rendered":"\u00c0 Propos"},"content":{"rendered":"<div>Mon Parcours<\/div>\n<div>\n<p>Depuis mon enfance, j\u2019ai toujours \u00e9t\u00e9 passionn\u00e9e par le sport, pratiquant d\u2019abord la gymnastique, puis devenant cheerleader \u00e0 l\u2019adolescence.<br \/>Durant mes \u00e9tudes d\u2019infirmi\u00e8re et ma sp\u00e9cialisation en r\u00e9animation lors de mon dipl\u00f4me universitaire, j\u2019ai mis ma pratique sportive de c\u00f4t\u00e9.<\/p>\n<p>En 2019, j\u2019ai d\u00e9couvert la <strong data-start=\"397\" data-end=\"411\">pole dance<\/strong> et rencontr\u00e9 des professeurs exceptionnels qui m\u2019ont transmis leur passion pour cette discipline.<\/p>\n<\/div>\n<p><img decoding=\"async\" src=\"\/wp-content\/uploads\/2026\/03\/Capture-decran-2026-03-02-191029.png\" alt=\"\"><\/p>\n<div>\n<p data-start=\"370\" data-end=\"662\">En 2024, il m\u2019est apparu \u00e9vident de vouloir prendre soin des autres autrement, en mettant l\u2019accent sur la pr\u00e9vention et la sant\u00e9 par le sport.<\/p>\n<p data-start=\"664\" data-end=\"947\">J\u2019ai alors suivi une formation professionnelle de<strong data-start=\"685\" data-end=\"750\"> professeur de pole dance <\/strong>\u00e0 Paris, dispens\u00e9e par <strong data-start=\"766\" data-end=\"782\">Mariana Baum<\/strong> et reconnue par la <strong data-start=\"802\" data-end=\"835\">F\u00e9d\u00e9ration Fran\u00e7aise de Danse<\/strong>. Depuis 2025, je donne mes premiers cours r\u00e9guliers dans un studio et au sein d\u2019une association sportive.<\/p>\n<p data-start=\"949\" data-end=\"1149\">Aujourd\u2019hui, mon objectif est de te faire d\u00e9couvrir et partager la <strong data-start=\"982\" data-end=\"1030\">pole dance<\/strong> dans un lieu agr\u00e9able et proche de chez toi, pour que tu puisse pratiquer en toute s\u00e9curit\u00e9 et avec plaisir.<\/p>\n<\/div>\n<p><img decoding=\"async\" src=\"\/wp-content\/uploads\/2026\/03\/Screenshot-2026-03-05-at-10-03-59-Courrier-Kevin-Fernandez-Outlook.png\" alt=\"\"><\/p>\n<div>Mon Parcours<\/div>\n<div>\n<p>Depuis mon enfance, j\u2019ai toujours \u00e9t\u00e9 passionn\u00e9e par le sport, pratiquant d\u2019abord la gymnastique, puis devenant cheerleader \u00e0 l\u2019adolescence.<br \/>Durant mes \u00e9tudes d\u2019infirmi\u00e8re et ma sp\u00e9cialisation en r\u00e9animation lors de mon dipl\u00f4me universitaire, j\u2019ai mis ma pratique sportive de c\u00f4t\u00e9.<\/p>\n<p>En 2019, j\u2019ai d\u00e9couvert la <strong data-start=\"397\" data-end=\"411\">pole dance<\/strong> et rencontr\u00e9 des professeurs exceptionnels qui m\u2019ont transmis leur passion pour cette discipline.<\/p>\n<\/div>\n<p><img decoding=\"async\" src=\"\/wp-content\/uploads\/2026\/03\/Screenshot-2026-03-05-at-10-03-59-Courrier-Kevin-Fernandez-Outlook.png\" alt=\"\"><br \/>\n<img decoding=\"async\" src=\"\/wp-content\/uploads\/2026\/03\/Capture-decran-2026-03-02-191029.png\" alt=\"\"><\/p>\n<div>\n<p data-start=\"370\" data-end=\"662\">En 2024, il m\u2019est apparu \u00e9vident de vouloir prendre soin des autres autrement, en mettant l\u2019accent sur la pr\u00e9vention et la sant\u00e9 par le sport.<\/p>\n<p data-start=\"664\" data-end=\"947\">J\u2019ai alors suivi une formation professionnelle de<strong data-start=\"685\" data-end=\"750\"> professeur de pole dance <\/strong>\u00e0 Paris, dispens\u00e9e par <strong data-start=\"766\" data-end=\"782\">Mariana Baum<\/strong> et reconnue par la <strong data-start=\"802\" data-end=\"835\">F\u00e9d\u00e9ration Fran\u00e7aise de Danse<\/strong>. Depuis 2025, je donne mes premiers cours r\u00e9guliers dans un studio et au sein d\u2019une association sportive.<\/p>\n<p data-start=\"949\" data-end=\"1149\">Aujourd\u2019hui, mon objectif est de te faire d\u00e9couvrir et partager la <strong data-start=\"982\" data-end=\"1030\">pole dance<\/strong> dans un lieu agr\u00e9able et proche de chez toi, pour que tu puisse pratiquer en toute s\u00e9curit\u00e9 et avec plaisir.<\/p>\n<\/div>\n<h2>Dipl\u00f4mes<\/h2>\n<ul>\n<li>\n<p>        <img decoding=\"async\" src=\"\/wp-content\/uploads\/2026\/03\/ffd_logo_2-removebg.png\" alt=\"\"><\/p>\n<h3>\u00c9cole Pole Dance Paris<\/h3>\n<div>\n<p>Niveau <strong>initiations<\/strong><\/p>\n<\/div>\n<\/li>\n<li>\n<p>        <img decoding=\"async\" src=\"\/wp-content\/uploads\/2026\/03\/ffd_logo_2-removebg.png\" alt=\"\"><\/p>\n<h3>\u00c9cole Pole Dance Paris<\/h3>\n<div>\n<p>Niveau <strong>d\u00e9butant<\/strong><\/p>\n<\/div>\n<\/li>\n<li>\n<p>        <img decoding=\"async\" src=\"\/wp-content\/uploads\/2026\/03\/ffd_logo_2-removebg.png\" alt=\"\"><\/p>\n<h3>\u00c9cole Pole Dance Paris<\/h3>\n<div>\n<p>Niveau <strong>interm\u00e9diaire<\/strong><\/p>\n<\/div>\n<\/li>\n<li>\n<p>        <img decoding=\"async\" src=\"\/wp-content\/uploads\/2026\/03\/ffd_logo_2-removebg.png\" alt=\"\"><\/p>\n<h3>\u00c9cole Pole Dance Paris<\/h3>\n<div>\n<p>Niveau <strong>avanc\u00e9<\/strong><\/p>\n<\/div>\n<\/li>\n<\/ul>\n<p><!--more--><br \/>\n<!-- {\"type\":\"layout\",\"children\":[{\"type\":\"section\",\"props\":{\"image_position\":\"center-center\",\"style\":\"default\",\"title_breakpoint\":\"xl\",\"title_position\":\"top-left\",\"title_rotation\":\"left\",\"vertical_align\":\"middle\",\"width\":\"default\"},\"children\":[{\"type\":\"row\",\"children\":[{\"type\":\"column\",\"props\":{\"image_position\":\"center-center\",\"position_sticky_breakpoint\":\"m\"},\"children\":[{\"type\":\"headline\",\"props\":{\"content\":\"Mon Parcours\",\"image_align\":\"left\",\"image_margin\":\"xsmall\",\"margin_bottom\":\"small\",\"margin_top\":\"small\",\"text_align\":\"center\",\"title_element\":\"div\",\"title_font_family\":\"primary\",\"title_style\":\"h3\",\"visibility\":\"hidden-m\"}},{\"type\":\"text\",\"props\":{\"block_align\":\"center\",\"column_breakpoint\":\"m\",\"content\":\"\n\n<p>Depuis mon enfance, j\u2019ai toujours \u00e9t\u00e9 passionn\u00e9e par le sport, pratiquant d\u2019abord la gymnastique, puis devenant cheerleader \u00e0 l\u2019adolescence.<br \/>Durant mes \u00e9tudes d\u2019infirmi\u00e8re et ma sp\u00e9cialisation en r\u00e9animation lors de mon dipl\u00f4me universitaire, j\u2019ai mis ma pratique sportive de c\u00f4t\u00e9.<\/p>\n\n\\n\n\n<p>En 2019, j\u2019ai d\u00e9couvert la <strong data-start=\\\"397\\\" data-end=\\\"411\\\">pole dance<\/strong> et rencontr\u00e9 des professeurs exceptionnels qui m\u2019ont transmis leur passion pour cette discipline.<\/p>\n\n\",\"margin_bottom\":\"large\",\"margin_top\":\"large\",\"maxwidth\":\"xlarge\",\"text_align\":\"center\",\"visibility\":\"hidden-m\"}},{\"type\":\"image\",\"props\":{\"block_align\":\"center\",\"block_align_breakpoint\":\"m\",\"image\":\"wp-content\/uploads\/2026\/03\/Capture-decran-2026-03-02-191029.png\",\"image_box_decoration\":\"default\",\"image_box_decoration_inverse\":true,\"image_loading\":true,\"image_svg_color\":\"emphasis\",\"image_width\":\"700\",\"margin_bottom\":\"default\",\"margin_top\":\"default\",\"maxwidth_breakpoint\":\"m\",\"parallax_breakpoint\":\"s\",\"text_align\":\"center\",\"visibility\":\"hidden-m\"}},{\"type\":\"text\",\"props\":{\"block_align\":\"center\",\"column_breakpoint\":\"m\",\"content\":\"\n\n<p data-start=\\\"370\\\" data-end=\\\"662\\\">En 2024, il m\u2019est apparu \u00e9vident de vouloir prendre soin des autres autrement, en mettant l\u2019accent sur la pr\u00e9vention et la sant\u00e9 par le sport.<\/p>\n\n\\n\n\n<p data-start=\\\"664\\\" data-end=\\\"947\\\">J\u2019ai alors suivi une formation professionnelle de<strong data-start=\\\"685\\\" data-end=\\\"750\\\"> professeur de pole dance <\/strong>\u00e0 Paris, dispens\u00e9e par <strong data-start=\\\"766\\\" data-end=\\\"782\\\">Mariana Baum<\/strong> et reconnue par la <strong data-start=\\\"802\\\" data-end=\\\"835\\\">F\u00e9d\u00e9ration Fran\u00e7aise de Danse<\/strong>. Depuis 2025, je donne mes premiers cours r\u00e9guliers dans un studio et au sein d\u2019une association sportive.<\/p>\n\n\\n\n\n<p data-start=\\\"949\\\" data-end=\\\"1149\\\">Aujourd\u2019hui, mon objectif est de te faire d\u00e9couvrir et partager la <strong data-start=\\\"982\\\" data-end=\\\"1030\\\">pole dance<\/strong> dans un lieu agr\u00e9able et proche de chez toi, pour que tu puisse pratiquer en toute s\u00e9curit\u00e9 et avec plaisir.<\/p>\n\n\",\"margin_bottom\":\"large\",\"margin_top\":\"large\",\"maxwidth\":\"xlarge\",\"text_align\":\"center\",\"visibility\":\"hidden-m\"}},{\"type\":\"image\",\"props\":{\"block_align\":\"center\",\"block_align_breakpoint\":\"m\",\"image\":\"wp-content\/uploads\/2026\/03\/Screenshot-2026-03-05-at-10-03-59-Courrier-Kevin-Fernandez-Outlook.png\",\"image_box_decoration\":\"default\",\"image_box_decoration_inverse\":true,\"image_loading\":true,\"image_svg_color\":\"emphasis\",\"image_width\":\"700\",\"margin_bottom\":\"default\",\"margin_top\":\"default\",\"maxwidth_breakpoint\":\"m\",\"parallax_breakpoint\":\"s\",\"text_align\":\"center\",\"visibility\":\"hidden-m\"}}]}]}],\"name\":\"Mon parcours\"},{\"type\":\"section\",\"props\":{\"image_position\":\"center-center\",\"padding_bottom\":\"large\",\"style\":\"default\",\"title_breakpoint\":\"xl\",\"title_position\":\"top-left\",\"title_rotation\":\"left\",\"vertical_align\":\"\",\"width\":\"large\"},\"children\":[{\"type\":\"row\",\"props\":{\"column_gap\":\"large\",\"layout\":\"1-2,1-2\",\"row_gap\":\"large\"},\"children\":[{\"type\":\"column\",\"props\":{\"image_position\":\"center-center\",\"position_sticky_breakpoint\":\"m\",\"width_medium\":\"1-2\"},\"children\":[{\"type\":\"headline\",\"props\":{\"content\":\"Mon Parcours\",\"image_align\":\"left\",\"image_margin\":\"xsmall\",\"margin_bottom\":\"small\",\"margin_top\":\"small\",\"title_element\":\"div\",\"title_font_family\":\"primary\",\"title_style\":\"h3\",\"visibility\":\"m\"}},{\"type\":\"text\",\"props\":{\"block_align\":\"center\",\"column_breakpoint\":\"m\",\"content\":\"\n\n<p>Depuis mon enfance, j\u2019ai toujours \u00e9t\u00e9 passionn\u00e9e par le sport, pratiquant d\u2019abord la gymnastique, puis devenant cheerleader \u00e0 l\u2019adolescence.<br \/>Durant mes \u00e9tudes d\u2019infirmi\u00e8re et ma sp\u00e9cialisation en r\u00e9animation lors de mon dipl\u00f4me universitaire, j\u2019ai mis ma pratique sportive de c\u00f4t\u00e9.<\/p>\n\n\\n\n\n<p>En 2019, j\u2019ai d\u00e9couvert la <strong data-start=\\\"397\\\" data-end=\\\"411\\\">pole dance<\/strong> et rencontr\u00e9 des professeurs exceptionnels qui m\u2019ont transmis leur passion pour cette discipline.<\/p>\n\n\",\"margin_bottom\":\"large\",\"margin_top\":\"large\",\"maxwidth\":\"xlarge\",\"visibility\":\"m\"}},{\"type\":\"image\",\"props\":{\"animation\":\"parallax\",\"block_align_breakpoint\":\"m\",\"block_align_fallback\":\"center\",\"image\":\"wp-content\/uploads\/2026\/03\/Screenshot-2026-03-05-at-10-03-59-Courrier-Kevin-Fernandez-Outlook.png\",\"image_box_decoration\":\"default\",\"image_box_decoration_inverse\":true,\"image_svg_color\":\"emphasis\",\"image_width\":\"900\",\"margin_bottom\":\"default\",\"margin_top\":\"default\",\"maxwidth\":\"xlarge\",\"parallax_easing\":\"1\",\"parallax_y\":\"10vh,5vh\",\"visibility\":\"m\"}}]},{\"type\":\"column\",\"props\":{\"image_position\":\"center-center\",\"order_first\":\"m\",\"position_sticky_breakpoint\":\"m\",\"width_medium\":\"1-2\"},\"children\":[{\"type\":\"image\",\"props\":{\"animation\":\"parallax\",\"image\":\"wp-content\/uploads\/2026\/03\/Capture-decran-2026-03-02-191029.png\",\"image_box_decoration\":\"default\",\"image_box_decoration_inverse\":true,\"image_svg_color\":\"emphasis\",\"image_width\":\"900\",\"margin_bottom\":\"default\",\"margin_top\":\"default\",\"parallax_easing\":\"1\",\"parallax_y\":\"-2vh,-6vh\",\"visibility\":\"m\"}},{\"type\":\"text\",\"props\":{\"block_align\":\"center\",\"column_breakpoint\":\"m\",\"content\":\"\n\n<p data-start=\\\"370\\\" data-end=\\\"662\\\">En 2024, il m\u2019est apparu \u00e9vident de vouloir prendre soin des autres autrement, en mettant l\u2019accent sur la pr\u00e9vention et la sant\u00e9 par le sport.<\/p>\n\n\\n\n\n<p data-start=\\\"664\\\" data-end=\\\"947\\\">J\u2019ai alors suivi une formation professionnelle de<strong data-start=\\\"685\\\" data-end=\\\"750\\\"> professeur de pole dance <\/strong>\u00e0 Paris, dispens\u00e9e par <strong data-start=\\\"766\\\" data-end=\\\"782\\\">Mariana Baum<\/strong> et reconnue par la <strong data-start=\\\"802\\\" data-end=\\\"835\\\">F\u00e9d\u00e9ration Fran\u00e7aise de Danse<\/strong>. Depuis 2025, je donne mes premiers cours r\u00e9guliers dans un studio et au sein d\u2019une association sportive.<\/p>\n\n\\n\n\n<p data-start=\\\"949\\\" data-end=\\\"1149\\\">Aujourd\u2019hui, mon objectif est de te faire d\u00e9couvrir et partager la <strong data-start=\\\"982\\\" data-end=\\\"1030\\\">pole dance<\/strong> dans un lieu agr\u00e9able et proche de chez toi, pour que tu puisse pratiquer en toute s\u00e9curit\u00e9 et avec plaisir.<\/p>\n\n\",\"margin_bottom\":\"large\",\"margin_top\":\"large\",\"maxwidth\":\"xlarge\",\"visibility\":\"m\"}}]}]}],\"name\":\"Mon parcours\"},{\"type\":\"section\",\"props\":{\"image\":\"wp-content\/uploads\/yootheme\/demo\/circle-bg-01.svg\",\"image_effect\":\"parallax\",\"image_parallax_bgy\":\"10vh,-15vh\",\"image_parallax_breakpoint\":\"m\",\"image_parallax_easing\":\"1\",\"image_position\":\"center-center\",\"media_visibility\":\"s\",\"status\":\"disabled\",\"style\":\"default\",\"title_breakpoint\":\"xl\",\"title_position\":\"top-left\",\"title_rotation\":\"left\",\"vertical_align\":\"\",\"width\":\"large\"},\"children\":[{\"type\":\"row\",\"props\":{\"margin_bottom\":\"xlarge\",\"margin_top\":\"xlarge\"},\"children\":[{\"type\":\"column\",\"props\":{\"image_position\":\"center-center\",\"position_sticky_breakpoint\":\"m\",\"width_medium\":\"1-1\"},\"children\":[{\"type\":\"headline\",\"props\":{\"block_align\":\"center\",\"content\":\"Professeurs\",\"image_align\":\"left\",\"image_margin\":\"xsmall\",\"margin_bottom\":\"xlarge\",\"margin_top\":\"remove\",\"maxwidth\":\"xlarge\",\"text_align\":\"center\",\"title_element\":\"h2\",\"title_style\":\"h2\"}}]}]},{\"type\":\"row\",\"children\":[{\"type\":\"column\",\"props\":{\"image_position\":\"center-center\",\"position_sticky_breakpoint\":\"m\"},\"children\":[{\"type\":\"grid\",\"props\":{\"block_align\":\"center\",\"content_column_breakpoint\":\"m\",\"filter_align\":\"left\",\"filter_all\":true,\"filter_grid_breakpoint\":\"m\",\"filter_grid_width\":\"auto\",\"filter_position\":\"top\",\"filter_style\":\"tab\",\"grid_column_gap\":\"large\",\"grid_default\":\"1\",\"grid_medium\":\"1\",\"grid_row_gap\":\"large\",\"grid_small\":\"1\",\"image_align\":\"top\",\"image_border\":\"circle\",\"image_grid_breakpoint\":\"m\",\"image_grid_width\":\"1-2\",\"image_svg_color\":\"emphasis\",\"image_width\":\"250\",\"item_animation\":true,\"lightbox_bg_close\":true,\"link_style\":\"default\",\"link_text\":\"Read more\",\"margin_bottom\":\"\",\"margin_top\":\"\",\"meta_align\":\"below-title\",\"meta_color\":\"muted\",\"meta_element\":\"div\",\"meta_margin\":\"small\",\"meta_style\":\"h5\",\"parallax_easing\":\"1\",\"show_content\":true,\"show_hover_image\":true,\"show_hover_video\":true,\"show_image\":true,\"show_link\":true,\"show_meta\":true,\"show_title\":true,\"show_video\":true,\"text_align\":\"center\",\"title_align\":\"top\",\"title_element\":\"div\",\"title_grid_breakpoint\":\"m\",\"title_grid_width\":\"1-2\",\"title_hover_style\":\"reset\"},\"children\":[{\"type\":\"grid_item\",\"props\":{\"content\":\"\n\n<p>Professeur de Pole dance<\/p>\n\n\",\"image\":\"wp-content\/uploads\/2026\/03\/Capture-decran-2026-03-02-191029.png\",\"meta\":\"Fondatrice\",\"title\":\"Joanna\"}}]}]}]}],\"name\":\"team presentation icon\"},{\"type\":\"section\",\"props\":{\"image_position\":\"center-center\",\"style\":\"default\",\"title_breakpoint\":\"xl\",\"title_position\":\"top-left\",\"title_rotation\":\"left\",\"vertical_align\":\"\",\"width\":\"large\"},\"children\":[{\"type\":\"row\",\"props\":{\"column_gap\":\"large\",\"row_gap\":\"large\"},\"children\":[{\"type\":\"column\",\"props\":{\"image_position\":\"center-center\",\"position_sticky_breakpoint\":\"m\",\"vertical_align\":\"middle\"},\"children\":[{\"type\":\"headline\",\"props\":{\"block_align\":\"center\",\"block_align_breakpoint\":\"l\",\"block_align_fallback\":\"center\",\"content\":\"Dipl\u00f4mes\",\"image_align\":\"left\",\"image_margin\":\"xsmall\",\"margin_top\":\"auto\",\"maxwidth\":\"xlarge\",\"text_align\":\"center\",\"text_align_breakpoint\":\"l\",\"text_align_fallback\":\"center\",\"title_element\":\"h2\",\"title_style\":\"h2\"}},{\"type\":\"grid\",\"props\":{\"content_column_breakpoint\":\"m\",\"filter_align\":\"left\",\"filter_all\":true,\"filter_grid_breakpoint\":\"m\",\"filter_grid_width\":\"auto\",\"filter_position\":\"top\",\"filter_style\":\"tab\",\"grid_default\":\"1\",\"grid_large\":\"4\",\"grid_medium\":\"4\",\"grid_small\":\"1\",\"grid_xlarge\":\"4\",\"image_align\":\"top\",\"image_grid_breakpoint\":\"m\",\"image_grid_width\":\"1-2\",\"image_svg_color\":\"emphasis\",\"image_svg_inline\":true,\"item_animation\":true,\"lightbox_bg_close\":true,\"link_style\":\"default\",\"link_text\":\"Read more\",\"margin_bottom\":\"default\",\"margin_top\":\"default\",\"meta_align\":\"below-title\",\"meta_element\":\"div\",\"meta_style\":\"text-meta\",\"panel_padding\":\"default\",\"panel_style\":\"card-default\",\"parallax_easing\":\"1\",\"show_content\":true,\"show_hover_image\":true,\"show_hover_video\":true,\"show_image\":true,\"show_link\":true,\"show_meta\":true,\"show_title\":true,\"show_video\":true,\"text_align\":\"center\",\"title_align\":\"top\",\"title_element\":\"h3\",\"title_grid_breakpoint\":\"m\",\"title_grid_width\":\"1-2\",\"title_hover_style\":\"reset\",\"title_style\":\"h6\"},\"children\":[{\"type\":\"grid_item\",\"props\":{\"content\":\"\n\n<p>Niveau <strong>initiations<\/strong><\/p>\n\n\",\"image\":\"wp-content\/uploads\/2026\/03\/ffd_logo_2-removebg.png\",\"title\":\"\u00c9cole Pole Dance Paris\"}},{\"type\":\"grid_item\",\"props\":{\"content\":\"\n\n<p>Niveau <strong>d\u00e9butant<\/strong><\/p>\n\n\",\"image\":\"wp-content\/uploads\/2026\/03\/ffd_logo_2-removebg.png\",\"title\":\"\u00c9cole Pole Dance Paris\"}},{\"type\":\"grid_item\",\"props\":{\"content\":\"\n\n<p>Niveau <strong>interm\u00e9diaire<\/strong><\/p>\n\n\",\"image\":\"wp-content\/uploads\/2026\/03\/ffd_logo_2-removebg.png\",\"meta\":\"\",\"title\":\"\u00c9cole Pole Dance Paris\"}},{\"type\":\"grid_item\",\"props\":{\"content\":\"\n\n<p>Niveau <strong>avanc\u00e9<\/strong><\/p>\n\n\",\"image\":\"wp-content\/uploads\/2026\/03\/ffd_logo_2-removebg.png\",\"meta\":\"\",\"title\":\"\u00c9cole Pole Dance Paris\"}}]}]}]}],\"name\":\"Diplome\"}],\"version\":\"5.0.22\"} --><\/p>\n","protected":false},"excerpt":{"rendered":"<p>Mon Parcours Depuis mon enfance, j\u2019ai toujours \u00e9t\u00e9 passionn\u00e9e par le sport, pratiquant d\u2019abord la gymnastique, puis devenant cheerleader \u00e0 l\u2019adolescence.Durant mes \u00e9tudes d\u2019infirmi\u00e8re et ma sp\u00e9cialisation en r\u00e9animation lors de mon dipl\u00f4me universitaire, j\u2019ai mis ma pratique sportive de c\u00f4t\u00e9. En 2019, j\u2019ai d\u00e9couvert la pole dance et rencontr\u00e9 des professeurs exceptionnels qui m\u2019ont [&hellip;]<\/p>\n","protected":false},"author":1,"featured_media":0,"parent":0,"menu_order":4,"comment_status":"closed","ping_status":"closed","template":"","meta":{"footnotes":""},"class_list":["post-4","page","type-page","status-publish","hentry"],"aioseo_notices":[],"_links":{"self":[{"href":"https:\/\/polevibes.com\/index.php?rest_route=\/wp\/v2\/pages\/4","targetHints":{"allow":["GET"]}}],"collection":[{"href":"https:\/\/polevibes.com\/index.php?rest_route=\/wp\/v2\/pages"}],"about":[{"href":"https:\/\/polevibes.com\/index.php?rest_route=\/wp\/v2\/types\/page"}],"author":[{"embeddable":true,"href":"https:\/\/polevibes.com\/index.php?rest_route=\/wp\/v2\/users\/1"}],"replies":[{"embeddable":true,"href":"https:\/\/polevibes.com\/index.php?rest_route=%2Fwp%2Fv2%2Fcomments&post=4"}],"version-history":[{"count":144,"href":"https:\/\/polevibes.com\/index.php?rest_route=\/wp\/v2\/pages\/4\/revisions"}],"predecessor-version":[{"id":2905,"href":"https:\/\/polevibes.com\/index.php?rest_route=\/wp\/v2\/pages\/4\/revisions\/2905"}],"wp:attachment":[{"href":"https:\/\/polevibes.com\/index.php?rest_route=%2Fwp%2Fv2%2Fmedia&parent=4"}],"curies":[{"name":"wp","href":"https:\/\/api.w.org\/{rel}","templated":true}]}}